{"id":7302,"date":"2021-07-01T13:15:50","date_gmt":"2021-07-01T11:15:50","guid":{"rendered":"https:\/\/www.lubeca-marzipan.de\/caramel-33\/"},"modified":"2023-08-20T18:20:21","modified_gmt":"2023-08-20T16:20:21","slug":"caramel-33","status":"publish","type":"page","link":"https:\/\/www.lubeca-marzipan.de\/fr\/caramel-33\/","title":{"rendered":"Caramel 33%"},"content":{"rendered":"<div class=\"wpb-content-wrapper\"><p>[vc_row row_content_width=&#8221;grid&#8221; css=&#8221;.vc_custom_1619602534037{padding-top: 80px !important;}&#8221;][vc_column]<div class=\"mkdf-section-title-holder  mkdf-st-standard mkdf-st-title-left mkdf-st-normal-space \" style=\"text-align: center\">\n\t<div class=\"mkdf-st-inner\">\n                    <p class=\"mkdf-st-intro-text\"  > NEU: <\/p>\n        \t\t\t\t\t<h2 class=\"mkdf-st-title\" >\n\t\t\t\tCaramel 33%\t\t\t<\/h2>\n\t\t                    <div class=\"mkdf-separator-holder clearfix  mkdf-separator-center mkdf-separator-advanced-center mkdf-separator-advanced\">\n\t<div class=\"mkdf-separator\" >\n                    <div class=\"mkdf-adv-sep-inner\">\n                <div class=\"mkdf-adv-sep-line\"  ><\/div>\n                <div class=\"mkdf-adv-sep-dot\"  ><\/div>\n            <\/div>\n            <\/div>\n<\/div>\n        \t\t\t<\/div>\n<\/div>[\/vc_column][\/vc_row][vc_row][vc_column width=&#8221;1\/2&#8243;][vc_btn title=&#8221;Information anfordern&#8221; color=&#8221;chino&#8221; align=&#8221;right&#8221; i_icon_fontawesome=&#8221;fas fa-info-circle&#8221; add_icon=&#8221;true&#8221; link=&#8221;url:http%3A%2F%2Fwww.lubeca-marzipan.de%2Fkontakt%2F|title:Information%20anfordern|target:_blank|&#8221;][\/vc_column][vc_column width=&#8221;1\/2&#8243;][vc_btn title=&#8221;Newsletter erhalten&#8221; color=&#8221;mulled-wine&#8221; i_icon_fontawesome=&#8221;fas fa-envelope&#8221; add_icon=&#8221;true&#8221; link=&#8221;url:http%3A%2F%2Fwww.lubeca-marzipan.de%2Fnewsletter%2F|title:Zum%20newsletter%20anmelden|target:_blank|&#8221;][\/vc_column][\/vc_row][vc_row row_content_width=&#8221;grid&#8221; css=&#8221;.vc_custom_1619602538963{padding-top: 11px !important;}&#8221;][vc_column width=&#8221;1\/3&#8243;][vc_column_text]Notre chocolat au lait particulier s\u00e9duit par son go\u00fbt de caramel naturel caract\u00e9ristique et arbore un aspect clair couleur caramel.[\/vc_column_text][vc_empty_space height=&#8221;30px&#8221;][\/vc_column][vc_column width=&#8221;1\/3&#8243;][vc_empty_space height=&#8221;30px&#8221;][vc_single_image image=&#8221;6516&#8243; img_size=&#8221;large&#8221;][\/vc_column][vc_column width=&#8221;1\/3&#8243;][vc_empty_space height=&#8221;30px&#8221;][vc_column_text]Vollmilch-Schokoladenkuvert\u00fcre Caramel 33%<br \/>\nArt.-Nr. 818 125[\/vc_column_text][\/vc_column][\/vc_row][vc_row row_content_width=&#8221;grid&#8221; css=&#8221;.vc_custom_1619602538963{padding-top: 11px !important;}&#8221;][vc_column width=&#8221;1\/3&#8243;][vc_empty_space height=&#8221;30px&#8221;][vc_single_image image=&#8221;6508&#8243; img_size=&#8221;large&#8221;][\/vc_column][vc_column width=&#8221;1\/3&#8243;][vc_empty_space height=&#8221;30px&#8221;][vc_single_image image=&#8221;6510&#8243; img_size=&#8221;large&#8221;][\/vc_column][vc_column width=&#8221;1\/3&#8243;][vc_empty_space height=&#8221;30px&#8221;][vc_single_image image=&#8221;6512&#8243; img_size=&#8221;large&#8221;][\/vc_column][vc_column][\/vc_column][\/vc_row]<\/p>\n<\/div>","protected":false},"excerpt":{"rendered":"<p>[vc_row row_content_width=&#8221;grid&#8221; css=&#8221;.vc_custom_1619602534037{padding-top: 80px !important;}&#8221;][vc_column][\/vc_column][\/vc_row][vc_row][vc_column width=&#8221;1\/2&#8243;][vc_btn title=&#8221;Information anfordern&#8221; color=&#8221;chino&#8221; align=&#8221;right&#8221; i_icon_fontawesome=&#8221;fas fa-info-circle&#8221; add_icon=&#8221;true&#8221; link=&#8221;url:http%3A%2F%2Fwww.lubeca-marzipan.de%2Fkontakt%2F|title:Information%20anfordern|target:_blank|&#8221;][\/vc_column][vc_column width=&#8221;1\/2&#8243;][vc_btn title=&#8221;Newsletter erhalten&#8221; color=&#8221;mulled-wine&#8221; i_icon_fontawesome=&#8221;fas fa-envelope&#8221; add_icon=&#8221;true&#8221; link=&#8221;url:http%3A%2F%2Fwww.lubeca-marzipan.de%2Fnewsletter%2F|title:Zum%20newsletter%20anmelden|target:_blank|&#8221;][\/vc_column][\/vc_row][vc_row row_content_width=&#8221;grid&#8221; css=&#8221;.vc_custom_1619602538963{padding-top: 11px !important;}&#8221;][vc_column width=&#8221;1\/3&#8243;][vc_column_text]Notre chocolat au lait particulier s\u00e9duit par son go\u00fbt de caramel naturel caract\u00e9ristique et arbore un aspect clair couleur caramel.[\/vc_column_text][vc_empty_space height=&#8221;30px&#8221;][\/vc_column][vc_column width=&#8221;1\/3&#8243;][vc_empty_space height=&#8221;30px&#8221;][vc_single_image image=&#8221;6516&#8243; img_size=&#8221;large&#8221;][\/vc_column][vc_column width=&#8221;1\/3&#8243;][vc_empty_space height=&#8221;30px&#8221;][vc_column_text]Vollmilch-Schokoladenkuvert\u00fcre Caramel 33% Art.-Nr. 818 125[\/vc_column_text][\/vc_column][\/vc_row][vc_row row_content_width=&#8221;grid&#8221; css=&#8221;.vc_custom_1619602538963{padding-top: 11px !important;}&#8221;][vc_column width=&#8221;1\/3&#8243;][vc_empty_space height=&#8221;30px&#8221;][vc_single_image image=&#8221;6508&#8243; img_size=&#8221;large&#8221;][\/vc_column][vc_column width=&#8221;1\/3&#8243;][vc_empty_space height=&#8221;30px&#8221;][vc_single_image image=&#8221;6510&#8243; img_size=&#8221;large&#8221;][\/vc_column][vc_column width=&#8221;1\/3&#8243;][vc_empty_space height=&#8221;30px&#8221;][vc_single_image image=&#8221;6512&#8243; img_size=&#8221;large&#8221;][\/vc_column][vc_column][\/vc_column][\/vc_row]<\/p>\n","protected":false},"author":2,"featured_media":0,"parent":0,"menu_order":0,"comment_status":"closed","ping_status":"closed","template":"","meta":{"footnotes":""},"class_list":["post-7302","page","type-page","status-publish","hentry"],"_links":{"self":[{"href":"https:\/\/www.lubeca-marzipan.de\/fr\/wp-json\/wp\/v2\/pages\/7302","targetHints":{"allow":["GET"]}}],"collection":[{"href":"https:\/\/www.lubeca-marzipan.de\/fr\/wp-json\/wp\/v2\/pages"}],"about":[{"href":"https:\/\/www.lubeca-marzipan.de\/fr\/wp-json\/wp\/v2\/types\/page"}],"author":[{"embeddable":true,"href":"https:\/\/www.lubeca-marzipan.de\/fr\/wp-json\/wp\/v2\/users\/2"}],"replies":[{"embeddable":true,"href":"https:\/\/www.lubeca-marzipan.de\/fr\/wp-json\/wp\/v2\/comments?post=7302"}],"version-history":[{"count":3,"href":"https:\/\/www.lubeca-marzipan.de\/fr\/wp-json\/wp\/v2\/pages\/7302\/revisions"}],"predecessor-version":[{"id":7305,"href":"https:\/\/www.lubeca-marzipan.de\/fr\/wp-json\/wp\/v2\/pages\/7302\/revisions\/7305"}],"wp:attachment":[{"href":"https:\/\/www.lubeca-marzipan.de\/fr\/wp-json\/wp\/v2\/media?parent=7302"}],"curies":[{"name":"wp","href":"https:\/\/api.w.org\/{rel}","templated":true}]}}

<div class="wpb-content-wrapper"><p>[vc_row row_content_width=&#8221;grid&#8221; css=&#8221;.vc_custom_1619602534037{padding-top: 80px !important;}&#8221;][vc_column]<div class="mkdf-section-title-holder  mkdf-st-standard mkdf-st-title-left mkdf-st-normal-space " style="text-align: center">
	<div class="mkdf-st-inner">
                    <p class="mkdf-st-intro-text"  > NEU: </p>
        					<h2 class="mkdf-st-title" >
				Caramel 33%			</h2>
		                    <div class="mkdf-separator-holder clearfix  mkdf-separator-center mkdf-separator-advanced-center mkdf-separator-advanced">
	<div class="mkdf-separator" >
                    <div class="mkdf-adv-sep-inner">
                <div class="mkdf-adv-sep-line"  ></div>
                <div class="mkdf-adv-sep-dot"  ></div>
            </div>
            </div>
</div>
        			</div>
</div>[/vc_column][/vc_row][vc_row][vc_column width=&#8221;1/2&#8243;][vc_btn title=&#8221;Information anfordern&#8221; color=&#8221;chino&#8221; align=&#8221;right&#8221; i_icon_fontawesome=&#8221;fas fa-info-circle&#8221; add_icon=&#8221;true&#8221; link=&#8221;url:http%3A%2F%2Fwww.lubeca-marzipan.de%2Fkontakt%2F|title:Information%20anfordern|target:_blank|&#8221;][/vc_column][vc_column width=&#8221;1/2&#8243;][vc_btn title=&#8221;Newsletter erhalten&#8221; color=&#8221;mulled-wine&#8221; i_icon_fontawesome=&#8221;fas fa-envelope&#8221; add_icon=&#8221;true&#8221; link=&#8221;url:http%3A%2F%2Fwww.lubeca-marzipan.de%2Fnewsletter%2F|title:Zum%20newsletter%20anmelden|target:_blank|&#8221;][/vc_column][/vc_row][vc_row row_content_width=&#8221;grid&#8221; css=&#8221;.vc_custom_1619602538963{padding-top: 11px !important;}&#8221;][vc_column width=&#8221;1/3&#8243;][vc_column_text]Notre chocolat au lait particulier séduit par son goût de caramel naturel caractéristique et arbore un aspect clair couleur caramel.[/vc_column_text][vc_empty_space height=&#8221;30px&#8221;][/vc_column][vc_column width=&#8221;1/3&#8243;][vc_empty_space height=&#8221;30px&#8221;][vc_single_image image=&#8221;6516&#8243; img_size=&#8221;large&#8221;][/vc_column][vc_column width=&#8221;1/3&#8243;][vc_empty_space height=&#8221;30px&#8221;][vc_column_text]Vollmilch-Schokoladenkuvertüre Caramel 33%<br />
Art.-Nr. 818 125[/vc_column_text][/vc_column][/vc_row][vc_row row_content_width=&#8221;grid&#8221; css=&#8221;.vc_custom_1619602538963{padding-top: 11px !important;}&#8221;][vc_column width=&#8221;1/3&#8243;][vc_empty_space height=&#8221;30px&#8221;][vc_single_image image=&#8221;6508&#8243; img_size=&#8221;large&#8221;][/vc_column][vc_column width=&#8221;1/3&#8243;][vc_empty_space height=&#8221;30px&#8221;][vc_single_image image=&#8221;6510&#8243; img_size=&#8221;large&#8221;][/vc_column][vc_column width=&#8221;1/3&#8243;][vc_empty_space height=&#8221;30px&#8221;][vc_single_image image=&#8221;6512&#8243; img_size=&#8221;large&#8221;][/vc_column][vc_column][/vc_column][/vc_row]</p>
</div>

<p>[vc_row row_content_width=&#8221;grid&#8221; css=&#8221;.vc_custom_1619602534037{padding-top: 80px !important;}&#8221;][vc_column][/vc_column][/vc_row][vc_row][vc_column width=&#8221;1/2&#8243;][vc_btn title=&#8221;Information anfordern&#8221; color=&#8221;chino&#8221; align=&#8221;right&#8221; i_icon_fontawesome=&#8221;fas fa-info-circle&#8221; add_icon=&#8221;true&#8221; link=&#8221;url:http%3A%2F%2Fwww.lubeca-marzipan.de%2Fkontakt%2F|title:Information%20anfordern|target:_blank|&#8221;][/vc_column][vc_column width=&#8221;1/2&#8243;][vc_btn title=&#8221;Newsletter erhalten&#8221; color=&#8221;mulled-wine&#8221; i_icon_fontawesome=&#8221;fas fa-envelope&#8221; add_icon=&#8221;true&#8221; link=&#8221;url:http%3A%2F%2Fwww.lubeca-marzipan.de%2Fnewsletter%2F|title:Zum%20newsletter%20anmelden|target:_blank|&#8221;][/vc_column][/vc_row][vc_row row_content_width=&#8221;grid&#8221; css=&#8221;.vc_custom_1619602538963{padding-top: 11px !important;}&#8221;][vc_column width=&#8221;1/3&#8243;][vc_column_text]Notre chocolat au lait particulier séduit par son goût de caramel naturel caractéristique et arbore un aspect clair couleur caramel.[/vc_column_text][vc_empty_space height=&#8221;30px&#8221;][/vc_column][vc_column width=&#8221;1/3&#8243;][vc_empty_space height=&#8221;30px&#8221;][vc_single_image image=&#8221;6516&#8243; img_size=&#8221;large&#8221;][/vc_column][vc_column width=&#8221;1/3&#8243;][vc_empty_space height=&#8221;30px&#8221;][vc_column_text]Vollmilch-Schokoladenkuvertüre Caramel 33% Art.-Nr. 818 125[/vc_column_text][/vc_column][/vc_row][vc_row row_content_width=&#8221;grid&#8221; css=&#8221;.vc_custom_1619602538963{padding-top: 11px !important;}&#8221;][vc_column width=&#8221;1/3&#8243;][vc_empty_space height=&#8221;30px&#8221;][vc_single_image image=&#8221;6508&#8243; img_size=&#8221;large&#8221;][/vc_column][vc_column width=&#8221;1/3&#8243;][vc_empty_space height=&#8221;30px&#8221;][vc_single_image image=&#8221;6510&#8243; img_size=&#8221;large&#8221;][/vc_column][vc_column width=&#8221;1/3&#8243;][vc_empty_space height=&#8221;30px&#8221;][vc_single_image image=&#8221;6512&#8243; img_size=&#8221;large&#8221;][/vc_column][vc_column][/vc_column][/vc_row]</p>
