{"id":7296,"date":"2023-03-24T12:15:21","date_gmt":"2023-03-24T11:15:21","guid":{"rendered":"https:\/\/www.lubeca-marzipan.de\/pate-damandes-red\/"},"modified":"2023-10-03T18:11:06","modified_gmt":"2023-10-03T16:11:06","slug":"pate-damandes-red","status":"publish","type":"page","link":"https:\/\/www.lubeca-marzipan.de\/fr\/pate-damandes-red\/","title":{"rendered":"P\u00e2te d\u2019amandes \u00ab Red \u00bb"},"content":{"rendered":"<div class=\"wpb-content-wrapper\"><p>[vc_row row_content_width=&#8221;grid&#8221; css=&#8221;.vc_custom_1619602534037{padding-top: 80px !important;}&#8221;][vc_column]<div class=\"mkdf-section-title-holder  mkdf-st-standard mkdf-st-title-left mkdf-st-normal-space \" style=\"text-align: center\">\n\t<div class=\"mkdf-st-inner\">\n                    <p class=\"mkdf-st-intro-text\"  > nouveau: <\/p>\n        \t\t\t\t\t<h2 class=\"mkdf-st-title\" >\n\t\t\t\tP\u00e2te d\u2019amandes \u00ab Red \u00bb\t\t\t<\/h2>\n\t\t                    <div class=\"mkdf-separator-holder clearfix  mkdf-separator-center mkdf-separator-advanced-center mkdf-separator-advanced\">\n\t<div class=\"mkdf-separator\" >\n                    <div class=\"mkdf-adv-sep-inner\">\n                <div class=\"mkdf-adv-sep-line\"  ><\/div>\n                <div class=\"mkdf-adv-sep-dot\"  ><\/div>\n            <\/div>\n            <\/div>\n<\/div>\n        \t\t\t<\/div>\n<\/div>[\/vc_column][\/vc_row][vc_row][vc_column width=&#8221;1\/2&#8243;][vc_btn title=&#8221;Demander des informations&#8221; color=&#8221;chino&#8221; align=&#8221;right&#8221; i_icon_fontawesome=&#8221;fas fa-info&#8221; add_icon=&#8221;true&#8221; link=&#8221;url:https%3A%2F%2Fwww.lubeca-marzipan.de%2Ffr%2Fcontact%2F|title:Informationen%20anfordern|target:_blank&#8221;][\/vc_column][vc_column width=&#8221;1\/2&#8243;][vc_btn title=&#8221;Recevoir la newsletter&#8221; color=&#8221;mulled-wine&#8221; align=&#8221;left&#8221; i_icon_fontawesome=&#8221;far fa-envelope&#8221; add_icon=&#8221;true&#8221; link=&#8221;url:http%3A%2F%2Fwww.lubeca-marzipan.de%2Fnewsletter%2F|title:Zum%20newsletter%20anmelden|target:_blank|&#8221;][\/vc_column][\/vc_row][vc_row row_content_width=&#8221;grid&#8221; css=&#8221;.vc_custom_1619602538963{padding-top: 11px !important;}&#8221;][vc_column width=&#8221;1\/3&#8243;][vc_column_text]Parfois, il faut que ce soit rouge ! Lubeca propose pour nouveau produit une vari\u00e9t\u00e9 de massepain de qualit\u00e9 sup\u00e9rieure en qualit\u00e9 de p\u00e2te brute. La coloration est obtenue exclusivement gr\u00e2ce \u00e0 des aliments colorants, et donc sans colorant. La base de cette p\u00e2te d\u2018amande est constitu\u00e9e d\u2018amandes aromatiques (52 %) provenant du bassin m\u00e9diterran\u00e9en, enrichie s d\u2018une l\u00e9g\u00e8re note fruit\u00e9e. Laissez-vous inspirer par cette innovation rouge et donnez un coup de fouet suppl\u00e9mentaire \u00e0 votre assortiment.[\/vc_column_text][vc_empty_space height=&#8221;30px&#8221;][\/vc_column][vc_column width=&#8221;1\/3&#8243;][vc_empty_space height=&#8221;30px&#8221;][vc_single_image image=&#8221;6822&#8243; img_size=&#8221;large&#8221;][\/vc_column][vc_column width=&#8221;1\/3&#8243;][vc_empty_space height=&#8221;30px&#8221;][vc_column_text]P\u00e2te d\u2019amandes RED<br \/>\nR\u00e9f. n\u00b0 007 007[\/vc_column_text][\/vc_column][\/vc_row][vc_row row_content_width=&#8221;grid&#8221; css=&#8221;.vc_custom_1619602538963{padding-top: 11px !important;}&#8221;][vc_column width=&#8221;1\/3&#8243;][vc_empty_space height=&#8221;30px&#8221;][vc_single_image image=&#8221;7742&#8243; img_size=&#8221;large&#8221;][\/vc_column][vc_column width=&#8221;1\/3&#8243;][vc_empty_space height=&#8221;30px&#8221;][vc_single_image image=&#8221;7736&#8243; img_size=&#8221;large&#8221;][\/vc_column][vc_column width=&#8221;1\/3&#8243;][vc_empty_space height=&#8221;30px&#8221;][vc_single_image image=&#8221;7739&#8243; img_size=&#8221;large&#8221;][\/vc_column][vc_column][\/vc_column][\/vc_row][vc_section][\/vc_section]<\/p>\n<\/div>","protected":false},"excerpt":{"rendered":"<p>[vc_row row_content_width=&#8221;grid&#8221; css=&#8221;.vc_custom_1619602534037{padding-top: 80px !important;}&#8221;][vc_column][\/vc_column][\/vc_row][vc_row][vc_column width=&#8221;1\/2&#8243;][vc_btn title=&#8221;Demander des informations&#8221; color=&#8221;chino&#8221; align=&#8221;right&#8221; i_icon_fontawesome=&#8221;fas fa-info&#8221; add_icon=&#8221;true&#8221; link=&#8221;url:https%3A%2F%2Fwww.lubeca-marzipan.de%2Ffr%2Fcontact%2F|title:Informationen%20anfordern|target:_blank&#8221;][\/vc_column][vc_column width=&#8221;1\/2&#8243;][vc_btn title=&#8221;Recevoir la newsletter&#8221; color=&#8221;mulled-wine&#8221; align=&#8221;left&#8221; i_icon_fontawesome=&#8221;far fa-envelope&#8221; add_icon=&#8221;true&#8221; link=&#8221;url:http%3A%2F%2Fwww.lubeca-marzipan.de%2Fnewsletter%2F|title:Zum%20newsletter%20anmelden|target:_blank|&#8221;][\/vc_column][\/vc_row][vc_row row_content_width=&#8221;grid&#8221; css=&#8221;.vc_custom_1619602538963{padding-top: 11px !important;}&#8221;][vc_column width=&#8221;1\/3&#8243;][vc_column_text]Parfois, il faut que ce soit rouge ! Lubeca propose pour nouveau produit une vari\u00e9t\u00e9 de massepain de qualit\u00e9 sup\u00e9rieure en qualit\u00e9 de p\u00e2te brute. La coloration est obtenue exclusivement gr\u00e2ce \u00e0 des aliments colorants, et donc sans colorant. La base de cette p\u00e2te d\u2018amande est constitu\u00e9e d\u2018amandes aromatiques (52 %) provenant du bassin m\u00e9diterran\u00e9en, enrichie [&hellip;]<\/p>\n","protected":false},"author":2,"featured_media":0,"parent":0,"menu_order":0,"comment_status":"closed","ping_status":"closed","template":"","meta":{"footnotes":""},"class_list":["post-7296","page","type-page","status-publish","hentry"],"_links":{"self":[{"href":"https:\/\/www.lubeca-marzipan.de\/fr\/wp-json\/wp\/v2\/pages\/7296","targetHints":{"allow":["GET"]}}],"collection":[{"href":"https:\/\/www.lubeca-marzipan.de\/fr\/wp-json\/wp\/v2\/pages"}],"about":[{"href":"https:\/\/www.lubeca-marzipan.de\/fr\/wp-json\/wp\/v2\/types\/page"}],"author":[{"embeddable":true,"href":"https:\/\/www.lubeca-marzipan.de\/fr\/wp-json\/wp\/v2\/users\/2"}],"replies":[{"embeddable":true,"href":"https:\/\/www.lubeca-marzipan.de\/fr\/wp-json\/wp\/v2\/comments?post=7296"}],"version-history":[{"count":8,"href":"https:\/\/www.lubeca-marzipan.de\/fr\/wp-json\/wp\/v2\/pages\/7296\/revisions"}],"predecessor-version":[{"id":7780,"href":"https:\/\/www.lubeca-marzipan.de\/fr\/wp-json\/wp\/v2\/pages\/7296\/revisions\/7780"}],"wp:attachment":[{"href":"https:\/\/www.lubeca-marzipan.de\/fr\/wp-json\/wp\/v2\/media?parent=7296"}],"curies":[{"name":"wp","href":"https:\/\/api.w.org\/{rel}","templated":true}]}}

Pâte d’amandes « Red »

<div class="wpb-content-wrapper"><p>[vc_row row_content_width=&#8221;grid&#8221; css=&#8221;.vc_custom_1619602534037{padding-top: 80px !important;}&#8221;][vc_column]<div class="mkdf-section-title-holder  mkdf-st-standard mkdf-st-title-left mkdf-st-normal-space " style="text-align: center">
	<div class="mkdf-st-inner">
                    <p class="mkdf-st-intro-text"  > nouveau: </p>
        					<h2 class="mkdf-st-title" >
				Pâte d’amandes « Red »			</h2>
		                    <div class="mkdf-separator-holder clearfix  mkdf-separator-center mkdf-separator-advanced-center mkdf-separator-advanced">
	<div class="mkdf-separator" >
                    <div class="mkdf-adv-sep-inner">
                <div class="mkdf-adv-sep-line"  ></div>
                <div class="mkdf-adv-sep-dot"  ></div>
            </div>
            </div>
</div>
        			</div>
</div>[/vc_column][/vc_row][vc_row][vc_column width=&#8221;1/2&#8243;][vc_btn title=&#8221;Demander des informations&#8221; color=&#8221;chino&#8221; align=&#8221;right&#8221; i_icon_fontawesome=&#8221;fas fa-info&#8221; add_icon=&#8221;true&#8221; link=&#8221;url:https%3A%2F%2Fwww.lubeca-marzipan.de%2Ffr%2Fcontact%2F|title:Informationen%20anfordern|target:_blank&#8221;][/vc_column][vc_column width=&#8221;1/2&#8243;][vc_btn title=&#8221;Recevoir la newsletter&#8221; color=&#8221;mulled-wine&#8221; align=&#8221;left&#8221; i_icon_fontawesome=&#8221;far fa-envelope&#8221; add_icon=&#8221;true&#8221; link=&#8221;url:http%3A%2F%2Fwww.lubeca-marzipan.de%2Fnewsletter%2F|title:Zum%20newsletter%20anmelden|target:_blank|&#8221;][/vc_column][/vc_row][vc_row row_content_width=&#8221;grid&#8221; css=&#8221;.vc_custom_1619602538963{padding-top: 11px !important;}&#8221;][vc_column width=&#8221;1/3&#8243;][vc_column_text]Parfois, il faut que ce soit rouge ! Lubeca propose pour nouveau produit une variété de massepain de qualité supérieure en qualité de pâte brute. La coloration est obtenue exclusivement grâce à des aliments colorants, et donc sans colorant. La base de cette pâte d‘amande est constituée d‘amandes aromatiques (52 %) provenant du bassin méditerranéen, enrichie s d‘une légère note fruitée. Laissez-vous inspirer par cette innovation rouge et donnez un coup de fouet supplémentaire à votre assortiment.[/vc_column_text][vc_empty_space height=&#8221;30px&#8221;][/vc_column][vc_column width=&#8221;1/3&#8243;][vc_empty_space height=&#8221;30px&#8221;][vc_single_image image=&#8221;6822&#8243; img_size=&#8221;large&#8221;][/vc_column][vc_column width=&#8221;1/3&#8243;][vc_empty_space height=&#8221;30px&#8221;][vc_column_text]Pâte d’amandes RED<br />
Réf. n° 007 007[/vc_column_text][/vc_column][/vc_row][vc_row row_content_width=&#8221;grid&#8221; css=&#8221;.vc_custom_1619602538963{padding-top: 11px !important;}&#8221;][vc_column width=&#8221;1/3&#8243;][vc_empty_space height=&#8221;30px&#8221;][vc_single_image image=&#8221;7742&#8243; img_size=&#8221;large&#8221;][/vc_column][vc_column width=&#8221;1/3&#8243;][vc_empty_space height=&#8221;30px&#8221;][vc_single_image image=&#8221;7736&#8243; img_size=&#8221;large&#8221;][/vc_column][vc_column width=&#8221;1/3&#8243;][vc_empty_space height=&#8221;30px&#8221;][vc_single_image image=&#8221;7739&#8243; img_size=&#8221;large&#8221;][/vc_column][vc_column][/vc_column][/vc_row][vc_section][/vc_section]</p>
</div>

<p>[vc_row row_content_width=&#8221;grid&#8221; css=&#8221;.vc_custom_1619602534037{padding-top: 80px !important;}&#8221;][vc_column][/vc_column][/vc_row][vc_row][vc_column width=&#8221;1/2&#8243;][vc_btn title=&#8221;Demander des informations&#8221; color=&#8221;chino&#8221; align=&#8221;right&#8221; i_icon_fontawesome=&#8221;fas fa-info&#8221; add_icon=&#8221;true&#8221; link=&#8221;url:https%3A%2F%2Fwww.lubeca-marzipan.de%2Ffr%2Fcontact%2F|title:Informationen%20anfordern|target:_blank&#8221;][/vc_column][vc_column width=&#8221;1/2&#8243;][vc_btn title=&#8221;Recevoir la newsletter&#8221; color=&#8221;mulled-wine&#8221; align=&#8221;left&#8221; i_icon_fontawesome=&#8221;far fa-envelope&#8221; add_icon=&#8221;true&#8221; link=&#8221;url:http%3A%2F%2Fwww.lubeca-marzipan.de%2Fnewsletter%2F|title:Zum%20newsletter%20anmelden|target:_blank|&#8221;][/vc_column][/vc_row][vc_row row_content_width=&#8221;grid&#8221; css=&#8221;.vc_custom_1619602538963{padding-top: 11px !important;}&#8221;][vc_column width=&#8221;1/3&#8243;][vc_column_text]Parfois, il faut que ce soit rouge ! Lubeca propose pour nouveau produit une variété de massepain de qualité supérieure en qualité de pâte brute. La coloration est obtenue exclusivement grâce à des aliments colorants, et donc sans colorant. La base de cette pâte d‘amande est constituée d‘amandes aromatiques (52 %) provenant du bassin méditerranéen, enrichie [&hellip;]</p>
